tors of 475131290.
2, 5, 19, 71, 35221
List the prime factors of 1975954013.
11, 17, 181, 58379
What are the prime factors of 413044464?
2, 3, 7, 557, 2207
List the prime factors of 219587540.
2, 5, 107, 102611
What are the prime factors of 43394654?
2, 43, 283, 1783
What are the prime factors of 2773524262?
2, 17, 71, 1148933
List the prime factors of 96945422.
2, 7, 989239
What are the prime factors of 873180?
2, 3, 5, 7, 11
List the prime factors of 156031245.
3, 5, 443, 2609
What are the prime factors of 4669789155?
3, 5, 311319277
What are the prime factors of 911358932?
2, 11, 89, 21157
What are the prime factors of 599458116?
2, 3, 47, 1062869
What are the prime factors of 27672855?
3, 5, 7, 17, 37, 419
List the prime factors of 207455427.
3, 151, 293, 521
List the prime factors of 906852925.
5, 11, 3297647
List the prime factors of 857260431.
3, 41, 277, 8387
What are the prime factors of 4009806408?
2, 3, 761, 219547
List the prime factors of 80835727.
7, 11547961
What are the prime factors of 46029564?
2, 3, 7, 182657
List the prime factors of 24335432.
2, 11, 17, 16267
List the prime factors of 43951422.
2, 3, 743, 9859
List the prime factors of 91120271.
11, 491, 16871
What are the prime factors of 11638047?
3, 17, 228197
What are the prime factors of 197347726?
2, 29, 43, 53, 1493
List the prime factors of 1341376923.
3, 447125641
What are the prime factors of 46871298?
2, 3, 96443
What are the prime factors of 52203900?
2, 3, 5, 7, 24859
What are the prime factors of 4296163915?
5, 859232783
What are the prime factors of 73808106?
2, 3, 12301351
List the prime factors of 107317085.
5, 21463417
What are the prime factors of 49113223?
49113223
List the prime factors of 609772670.
2, 5, 13, 59, 107, 743
What are the prime factors of 63226166?
2, 1103, 28661
What are the prime factors of 1632811937?
17, 96047761
List the prime factors of 216567242.
2, 108283621
What are the prime factors of 5156591624?
2, 173, 197, 18913
What are the prime factors of 77031040?
2, 5, 37, 3253
What are the prime factors of 3092625005?
5, 618525001
List the prime factors of 5276523346.
2, 103, 25614191
What are the prime factors of 1613147527?
17, 23, 31, 133087
What are the prime factors of 560885698?
2, 2393, 117193
List the prime factors of 2656184321.
7, 5851, 64853
What are the prime factors of 757252016?
2, 43, 797, 1381
List the prime factors of 1037183417.
12301, 84317
List the prime factors of 49283988.
2, 3, 13, 431, 733
List the prime factors of 558167077.
13, 42935929
What are the prime factors of 313172555?
5, 17, 41, 73, 1231
List the prime factors of 294927031.
7, 6018919
What are the prime factors of 152922862?
2, 7949, 9619
What are the prime factors of 189188117?
189188117
What are the prime factors of 451868731?
451868731
What are the prime factors of 2099615189?
7, 967, 310181
What are the prime factors of 583076603?
43, 97, 3251
List the prime factors of 79901366.
2, 431, 92693
What are the prime factors of 66877291?
13, 233, 22079
List the prime factors of 1756483954.
2, 97, 1279, 7079
What are the prime factors of 118219466?
2, 2179, 27127
List the prime factors of 109125629.
109125629
List the prime factors of 3908802.
2, 3, 47, 83, 167
What are the prime factors of 157535631?
3, 11, 19, 27917
What are the prime factors of 2270948154?
2, 3, 378491359
List the prime factors of 94090127.
2683, 35069
List the prime factors of 36778750.
2, 5, 29423
What are the prime factors of 127092697?
17, 1283, 5827
List the prime factors of 395711019.
3, 11, 363371
List the prime factors of 52528181.
17, 101, 30593
List the prime factors of 189468951.
3, 7, 383, 23557
List the prime factors of 20958340.
2, 5, 13, 149, 541
List the prime factors of 7029056399.
7029056399
What are the prime factors of 1231772281?
17, 43, 1685051
List the prime factors of 14672399.
7, 2096057
What are the prime factors of 11859035?
5, 353, 6719
What are the prime factors of 17696433?
3, 229, 25759
What are the prime factors of 11783697?
3, 251, 15649
List the prime factors of 434353086.
2, 3, 197, 347, 353
What are the prime factors of 11343435?
3, 5, 67, 11287
List the prime factors of 59399286.
2, 3, 31, 319351
What are the prime factors of 262426111?
109, 2407579
What are the prime factors of 2177796408?
2, 3, 67, 313, 4327
What are the prime factors of 1303028785?
5, 43, 6060599
List the prime factors of 103599227.
103599227
What are the prime factors of 236082587?
13, 17, 1068247
List the prime factors of 57744668.
2, 883, 16349
What are the prime factors of 70415770?
2, 5, 29, 242813
List the prime factors of 23297975.
5, 37, 89, 283
What are the prime factors of 34048554?
2, 3, 5674759
What are the prime factors of 161702862?
2, 3, 1901, 14177
List the prime factors of 1535835879.
3, 17, 23, 25673
List the prime factors of 1355339882.
2, 13, 19, 29, 89, 1063
What are the prime factors of 26343843?
3, 1549, 5669
List the prime factors of 13928967.
3, 13, 17, 47, 149
What are the prime factors of 347970216?
2, 3, 11, 839, 1571
What are the prime factors of 1995384468?
2, 3, 7, 11, 308501
What are the prime factors of 14638167?
3, 457, 3559
List the prime factors of 304751818.
2, 7, 21767987
What are the prime factors of 30402822?
2, 3, 199, 25463
What are the prime factors of 433234968?
2, 3, 18051457
What are the prime factors of 507789246?
2, 3, 29, 2918329
List the prime factors of 639205144.
2, 19, 23, 182839
What are the prime factors of 20344004?
2, 97, 52433
What are the prime factors of 2721669898?
2, 281, 457, 10597
What are the prime factors of 77040578?
2, 101, 381389
What are the prime factors of 25167285?
3, 5, 11, 13, 3911
List the prime factors of 4626793941.
3, 7, 11, 61, 101, 3251
List the prime factors of 2519656794.
2, 3, 5184479
List the prime factors of 655061845.
5, 227, 577147
List the prime factors of 1144612926.
2, 3, 63589607
List the prime factors of 581188778.
2, 53, 5482913
What are the prime factors of 1004633314?
2, 271, 1061, 1747
List the prime factors of 213420554.
2, 31, 79, 43573
List the prime factors of 155985463.
1019, 153077
List the prime factors of 949030946.
2, 101, 4698173
What are the prime factors of 387548195?
5, 41, 1890479
What are the prime factors of 19095906?
2, 3, 1129, 2819
What are the prime factors of 51331262?
2, 17, 23, 41, 1601
List the prime factors of 387728225.
5, 857, 18097
What are the prime factors of 541835741?
2399, 225859
What are the prime factors of 2209629136?
2, 11, 13, 23, 199, 211
What are the prime factors of 1000681662?
2, 3, 166780277
List the prime factors of 53983274.
2, 2713, 9949
List the prime factors of 187050613.
187050613
List the prime factors of 16739547.
3, 11, 79, 6421
What are the prime factors of 403980041?
403980041
What are the prime factors of 242141736?
2, 3, 41, 53, 4643
List the prime factors of 99727330.
2, 5, 9972733
List the prime factors of 1214061608.
2, 151757701
List the prime factors of 675676139.
675676139
List the prime factors of 67790230.
2, 5, 6779023
List the prime factors of 349956961.
349956961
List the prime factors of 318965776.
2, 797, 25013
List the prime factors of 90942736.
2, 23, 421, 587
List the prime factors of 555738115.
5, 2767, 40169
What are the prime factors of 1517640519?
3, 12823, 39451
What are the prime factors of 1145603345?
5, 41, 367, 15227
List the prime factors of 4326856.
2, 31, 73, 239
List the prime factors of 52820631.
3, 5868959
List the prime factors of 866398406.
2, 317, 929, 1471
What are the prime factors of 1700989484?
2, 425247371
What are the prime factors of 37979208?
2, 3, 527489
What are the prime factors of 208571524?
2, 7, 47, 158489
List the prime factors of 47210905.
5, 7, 151, 8933
List the prime factors of 175234318.
2, 7, 12516737
List the prime factors of 973807257.
3, 1093, 296983
List the prime factors of 222975429.
3, 71, 1046833
List the prime factors of 71415629.
1283, 55663
List the prime factors of 6400372.
2, 11, 145463
What are the prime factors of 1770293662?
2, 3697, 239423
What are the prime factors of 29543971?
29543971
List the prime factors of 15661565.
5, 101, 31013
List the prime factors of 367372901.
7, 1103, 47581
List the prime factors of 32322263.
32322263
What are the prime fa